16) to base 4.
1201213222
Convert 2354650 (base 9) to base 5.
311320111
What is -1edf (base 16) in base 3?
-101211201
Convert -13d5a4 (base 16) to base 6.
-43505540
What is c44d7b (base 14) in base 11?
381265a
Convert -23b1a (base 16) to base 9.
-242486
What is 21404220 (base 5) in base 2?
101101001001100111
Convert -a87d8 (base 16) to base 4.
-2220133120
1fe83 (base 16) to base 8
377203
-11222100010 (base 3) to base 2
-10111111010001100
What is -12342124 (base 5) in base 15?
-26029
Convert -1b1b03 (base 16) to base 11.
-1003698
Convert -3062600 (base 7) to base 8.
-1317315
2141052 (base 6) to base 2
11010000000011000
-6578877 (base 9) to base 15
-49cc2d
Convert 1d37e (base 15) to base 6.
2013102
3065740 (base 8) to base 10
814048
What is 1122a1 (base 15) in base 3?
1112112012021
What is -523396 (base 11) in base 7?
-10063026
Convert -719aa0 (base 13) to base 11.
-154a429
-10000121102 (base 3) to base 15
-12962
What is 61a478 (base 13) in base 5?
1040412224
What is -1136470 (base 10) in base 6?
-40205234
Convert 111011110011100001 (base 2) to base 11.
158052
Convert 55443 (base 9) to base 15.
ad93
-3bf2de (base 16) to base 13
-a77343
209977 (base 15) to base 9
2823834
Convert 265152 (base 7) to base 9.
75306
Convert a7597 (base 11) to base 9.
257530
Convert 540193 (base 10) to base 3.
1000110000011
Convert -315142 (base 7) to base 11.
-38041
What is 11508 (base 15) in base 2?
1101011101011101
-1601700 (base 10) to base 2
-110000111000010100100
Convert -36419 (base 13) to base 11.
-68892
3944 (base 14) to base 3
111210110
-1443932 (base 11) to base 5
-1113320241
What is -2a80e9 (base 15) in base 14?
-3b5c71
Convert -11024332 (base 7) to base 16.
-e7550
Convert 100100100000 (base 2) to base 11.
1834
88a6 (base 13) to base 4
10221320
Convert 11256120 (base 9) to base 2.
10100110111011001011010
Convert -3eb0c0 (base 16) to base 2.
-1111101011000011000000
What is 78d6b (base 15) in base 7?
3160463
What is 34c1d (base 15) in base 16?
290a7
Convert 615c9 (base 15) to base 16.
4b4d7
What is -1108b35 (base 13) in base 4?
-103321310231
What is 8499bb (base 15) in base 12?
21437b8
What is 348826 (base 10) in base 16?
5529a
-4ed025 (base 16) to base 13
-10bac8b
-10310210 (base 5) to base 6
-1520124
What is -113633 (base 8) in base 9?
-58213
Convert 2819291 (base 10) to base 8.
12602333
-7ffa9 (base 16) to base 13
-1547a2
What is 714726 (base 10) in base 13?
1c041c
23304156 (base 9) to base 15
ee0206
-3310d2 (base 15) to base 14
-474c28
-10020030101 (base 4) to base 13
-2bb719
-212485 (base 15) to base 6
-53445342
Convert -304132411 (base 5) to base 14.
-243b23
What is -1201111000 (base 3) in base 12?
-17739
38721c (base 16) to base 15
4d1103
What is 11110011001011010011 (base 2) in base 10?
996051
What is 181693 (base 11) in base 4?
1010130102
-1460144 (base 7) to base 3
-101010110212
What is -102210001010010 (base 3) in base 15?
-839c3c
21122211001 (base 3) to base 2
100100110011110001
What is -16b16a6 (base 13) in base 3?
-111212112121012
15725 (base 13) to base 12
1b708
Convert 72583 (base 16) to base 3.
212210110111
What is 312702 (base 8) in base 9?
167435
20adb0d (base 14) to base 15
155beb8
Convert -41140442 (base 6) to base 13.
-323b61
-1710033 (base 9) to base 11
-59a867
Convert 22252411 (base 7) to base 5.
443211033
What is -a8179 (base 12) in base 2?
-110110000011101101
661276 (base 10) to base 5
132130101
What is -2267015 (base 10) in base 11?
-1309273
-101100110111110111 (base 2) to base 4
-230313313
Convert 12011111202 (base 3) to base 5.
11223302
Convert 1911507 (base 10) to base 3.
10121010002120
What is 23a47a (base 15) in base 11?
a65315
What is -2002122 (base 4) in base 10?
-8346
What is 7ecd14 (base 15) in base 14?
b3d439
What is 1847603 (base 9) in base 6?
34110433
110112012212 (base 3) to base 13
882c2
What is 10000000110011000 (base 2) in base 3?
10100110101
Convert -1314034410 (base 6) to base 2.
-111011011101101010100110
What is -5570221 (base 8) in base 3?
-2211101020122
What is -46935 (base 13) in base 16?
-1f7df
Convert -400322300 (base 5) to base 10.
-1573450
What is -397595 (base 10) in base 8?
-1410433
Convert 3352227 (base 9) to base 14.
3501c4
What is 55474012 (base 8) in base 4?
231213200022
What is 36988 (base 15) in base 8?
524306
Convert 11126 (base 15) to base 5.
3214021
What is -25024 (base 7) in base 14?
-254b
12302313 (base 5) to base 14
3157d
111001010010000110110 (base 2) to base 12
766306
What is -60b2a (base 15) in base 3?
-120120010011
What is 252618 (base 14) in base 12?
515612
-43442 (base 7) to base 5
-321414
-3330122110 (base 4) to base 2
-11111100011010010100
Convert 7b9b2 (base 12) to base 9.
272128
Convert 348877 (base 10) to base 6.
11251101
What is -1268232 (base 10) in base 5?
-311040412
8b2dff (base 16) to base 3
122011102001011
Convert -5435147 (base 8) to base 5.
-333103433
Convert -53223012 (base 6) to base 14.
-2c7d3a
712033 (base 8) to base 6
5005431
-21200101022 (base 3) to base 10
-151181
What is -2112132121 (base 5) in base 8?
-20650220
Convert 10100001001001011000 (base 2) to base 8.
2411130
-1b0138 (base 12) to base 15
-9657b
-33100211300 (base 4) to base 12
-140aa68
What is -1c4086 (base 13) in base 6?
-23254511
What is 5044063 (base 9) in base 14?
4dd034
-1151415242 (base 6) to base 11
-7521362
a830e (base 15) to base 3
1000010102112
-18b039 (base 15) to base 16
-125592
-1a35879 (base 12) to base 2
-10101001010000110011101
Convert -1123113 (base 7) to base 4.
-202100322
43275 (base 11) to base 3
10012020221
What is 11211102021222 (base 3) in base 10?
2567024
Convert -11001000001111111101 (base 2) to base 14.
-174cb3
10113300001 (base 4) to base 16
117c01
-d8b2 (base 14) to base 4
-21020110
-5a7d89 (base 14) to base 13
-844a70
Convert -101001001000111110110 (base 2) to base 5.
-321114321
What is -12000001211101 (base 3) in base 11?
-1556443
What is 337969 (base 15) in base 9?
4552580
1010011110010000 (base 2) to base 5
2333041
What is 3876750 (base 9) in base 5?
1020231003
What is 11303321 (base 4) in base 5?
1230201
Convert 5443 (base 15) to base 11.
12447
What is 965c52 (base 14) in base 16?
4d9f50
Convert 51d55d (base 16) to base 9.
11073630
Convert 345bc50 (base 13) to base 14.
21ddda0
What is -100101011100011000 (base 2) in base 3?
-21210101022
What is 120133021113 (base 4) in base 16?
61f257
What is -146473 (base 11) in base 15?
-47910
Convert -6708074 (base 9) to base 5.
-1410423023
Convert 2046462 (base 8) to base 10.
544050
-200220102120220 (base 3) to base 14
-1497510
What is 20297 (base 12) in base 5?
2320000
Convert 10211310 (base 4) to base 8.
44564
What is 110212112221 (base 3) in base 12?
10275a
Convert -1733ba7 (base 12) to base 9.
-10021111
205453 (base 7) to base 9
53704
Convert 7a0a5 (base 11) to base 4.
130103020
-d540cd (base 14) to base 12
-24ab8b1
46057 (base 12) to base 3
11202002111
-2b080 (base 13) to base 12
-3b129
-5355221 (base 6) to base 7
-2150263
What is 122233 (base 4) in base 8?
3257
216113 (base 10) to base 3
101222110012
-110022122 (base 3) to base 10
-8981
What is -11021001201211 (base 3) in base 13?
-613b31
Convert 33120233 (base 4) to base 5.
4004043
12201112120 (base 4) to base 3
10012211221111
What is -5302324 (base 6) in base 13?
-9008b
70e13 (base 16) to base 6
13524311
Convert -1745605 (base 8) to base 16.
-7cb85
What is -105279b (base 12) in base 16?
-2f36e7
Convert -200113 (base 7) to base 6.
-415521
141421 (base 9) to base 11
59984
1c32c (base 14) to base 11
4a08a
What is 313323103002 (base 4) in base 7?
235420602
474738 (base 9) to base 15
5997b
Convert -1c18b (base 14) to base 3.
-10122022012
Convert 3202d7 (base 15) to base 12.
9693b7
-5505120 (base 6) to base 13
-97512
What is -200404341 (base 5) in base 16?
-c1eea
Convert 1011101000101001 (base 2) to base 4.
23220221
What is -10001001110001111 (base 2) in base 3?
-10120202201
205142505 (base 6) to base 15
4b370e
-254543 (base 9) to base 13
-552a5
-339965 (base 11) to base 3
-1000110000222
Convert -226225 (base 7) to base 4.
-21322033
31133120103 (base 4) to base 5
1401131103
What is -110020110202 (base 3) in base 6?
-5055202
What is 16cb0 (base 16) in base 15?
1c9e0
Convert -15833 (base 14) to base 8.
-150765
What is -10000201201121 (base 3) in base 12?
-656b67
Convert -27876 (base 